{"id":155,"date":"2021-08-29T11:44:17","date_gmt":"2021-08-29T09:44:17","guid":{"rendered":"http:\/\/server699024.nazwa.pl\/demo\/markus\/?page_id=155"},"modified":"2021-08-29T11:45:19","modified_gmt":"2021-08-29T09:45:19","slug":"wklady-kominowe-zaroodporne","status":"publish","type":"page","link":"https:\/\/markus1.pl\/?page_id=155","title":{"rendered":"Wk\u0142ady kominowe \u017caroodporne"},"content":{"rendered":"\t\t<div data-elementor-type=\"wp-page\" data-elementor-id=\"155\" class=\"elementor elementor-155\" data-elementor-settings=\"[]\">\n\t\t\t\t\t\t\t<div class=\"elementor-section-wrap\">\n\t\t\t\t\t\t\t<section class=\"elementor-section elementor-top-section elementor-element elementor-element-d80ed3c elementor-section-boxed elementor-section-height-default elementor-section-height-default\" data-id=\"d80ed3c\" data-element_type=\"section\">\n\t\t\t\t\t\t<div class=\"elementor-container elementor-column-gap-default\">\n\t\t\t\t\t<div class=\"elementor-column elementor-col-100 elementor-top-column elementor-element elementor-element-1f9c03b\" data-id=\"1f9c03b\" data-element_type=\"column\">\n\t\t\t<div class=\"elementor-widget-wrap elementor-element-populated\">\n\t\t\t\t\t\t\t\t<div class=\"elementor-element elementor-element-1da6c0f elementor-widget elementor-widget-heading\" data-id=\"1da6c0f\" data-element_type=\"widget\" data-widget_type=\"heading.default\">\n\t\t\t\t<div class=\"elementor-widget-container\">\n\t\t\t<h2 class=\"elementor-heading-title elementor-size-default\">Wk\u0142ady kominowe \u017caroodporne<\/h2>\t\t<\/div>\n\t\t\t\t<\/div>\n\t\t\t\t<div class=\"elementor-element elementor-element-dcf7d61 elementor-widget-divider--view-line elementor-widget elementor-widget-divider\" data-id=\"dcf7d61\" data-element_type=\"widget\" data-widget_type=\"divider.default\">\n\t\t\t\t<div class=\"elementor-widget-container\">\n\t\t\t\t\t<div class=\"elementor-divider\">\n\t\t\t<span class=\"elementor-divider-separator\">\n\t\t\t\t\t\t<\/span>\n\t\t<\/div>\n\t\t\t\t<\/div>\n\t\t\t\t<\/div>\n\t\t\t\t<section class=\"elementor-section elementor-inner-section elementor-element elementor-element-42f28b8 elementor-section-boxed elementor-section-height-default elementor-section-height-default\" data-id=\"42f28b8\" data-element_type=\"section\">\n\t\t\t\t\t\t<div class=\"elementor-container elementor-column-gap-default\">\n\t\t\t\t\t<div class=\"elementor-column elementor-col-50 elementor-inner-column elementor-element elementor-element-5a017dc\" data-id=\"5a017dc\" data-element_type=\"column\">\n\t\t\t<div class=\"elementor-widget-wrap elementor-element-populated\">\n\t\t\t\t\t\t\t\t<div class=\"elementor-element elementor-element-d74eb2b elementor-widget elementor-widget-text-editor\" data-id=\"d74eb2b\" data-element_type=\"widget\" data-widget_type=\"text-editor.default\">\n\t\t\t\t<div class=\"elementor-widget-container\">\n\t\t\t\t\t\t\t<p>\u017baroodporne wk\u0142ady kominowe przeznaczone s\u0105 do odprowadzania spalin od kot\u0142\u00f3w i komink\u00f3w na ekologiczne paliwa sta\u0142e, takie jak np. drewno. Wk\u0142ady kominowe \u017caroodporne wykonane s\u0105 z blachy \u017caroodpornej (gat. 1.4828), kt\u00f3ra jest odporna na temperatur\u0119 do 1050st.C<br \/><br \/>W zale\u017cno\u015bci od potrzeb wykonujemy tak\u017ce wk\u0142ady kominowe owalne. Nasza firma zajmuje si\u0119 r\u00f3wnie\u017c doborem oraz monta\u017cem wk\u0142ad\u00f3w kominowych bezpo\u015brednio u klient\u00f3w.<\/p>\t\t\t\t\t\t<\/div>\n\t\t\t\t<\/div>\n\t\t\t\t\t<\/div>\n\t\t<\/div>\n\t\t\t\t<div class=\"elementor-column elementor-col-50 elementor-inner-column elementor-element elementor-element-466bb1c\" data-id=\"466bb1c\" data-element_type=\"column\">\n\t\t\t<div class=\"elementor-widget-wrap elementor-element-populated\">\n\t\t\t\t\t\t\t\t<div class=\"elementor-element elementor-element-c3980a4 elementor-widget elementor-widget-image\" data-id=\"c3980a4\" data-element_type=\"widget\" data-widget_type=\"image.default\">\n\t\t\t\t<div class=\"elementor-widget-container\">\n\t\t\t\t\t\t\t\t\t\t\t\t\t\t\t<img loading=\"lazy\" decoding=\"async\" width=\"137\" height=\"308\" src=\"https:\/\/markus1.pl\/wp-content\/uploads\/2021\/08\/wklad.png\" class=\"attachment-large size-large\" alt=\"\" \/>\t\t\t\t\t\t\t\t\t\t\t\t\t\t\t<\/div>\n\t\t\t\t<\/div>\n\t\t\t\t\t<\/div>\n\t\t<\/div>\n\t\t\t\t\t\t\t<\/div>\n\t\t<\/section>\n\t\t\t\t\t<\/div>\n\t\t<\/div>\n\t\t\t\t\t\t\t<\/div>\n\t\t<\/section>\n\t\t\t\t\t\t<\/div>\n\t\t\t\t\t<\/div>\n\t\t","protected":false},"excerpt":{"rendered":"<p>Wk\u0142ady kominowe \u017caroodporne \u017baroodporne wk\u0142ady kominowe przeznaczone s\u0105 do odprowadzania spalin od kot\u0142\u00f3w i komink\u00f3w na ekologiczne paliwa sta\u0142e, takie jak np. drewno. Wk\u0142ady kominowe \u017caroodporne wykonane s\u0105 z blachy &#8230;<\/p>\n","protected":false},"author":1,"featured_media":0,"parent":0,"menu_order":0,"comment_status":"closed","ping_status":"closed","template":"elementor_header_footer","meta":{"ngg_post_thumbnail":0,"footnotes":""},"class_list":["post-155","page","type-page","status-publish","hentry"],"_links":{"self":[{"href":"https:\/\/markus1.pl\/index.php?rest_route=\/wp\/v2\/pages\/155","targetHints":{"allow":["GET"]}}],"collection":[{"href":"https:\/\/markus1.pl\/index.php?rest_route=\/wp\/v2\/pages"}],"about":[{"href":"https:\/\/markus1.pl\/index.php?rest_route=\/wp\/v2\/types\/page"}],"author":[{"embeddable":true,"href":"https:\/\/markus1.pl\/index.php?rest_route=\/wp\/v2\/users\/1"}],"replies":[{"embeddable":true,"href":"https:\/\/markus1.pl\/index.php?rest_route=%2Fwp%2Fv2%2Fcomments&post=155"}],"version-history":[{"count":7,"href":"https:\/\/markus1.pl\/index.php?rest_route=\/wp\/v2\/pages\/155\/revisions"}],"predecessor-version":[{"id":162,"href":"https:\/\/markus1.pl\/index.php?rest_route=\/wp\/v2\/pages\/155\/revisions\/162"}],"wp:attachment":[{"href":"https:\/\/markus1.pl\/index.php?rest_route=%2Fwp%2Fv2%2Fmedia&parent=155"}],"curies":[{"name":"wp","href":"https:\/\/api.w.org\/{rel}","templated":true}]}}